{"id":432,"date":"2022-03-19T12:37:18","date_gmt":"2022-03-19T11:37:18","guid":{"rendered":"http:\/\/www.rdb-freiberg.de\/?page_id=432"},"modified":"2023-03-29T19:13:44","modified_gmt":"2023-03-29T18:13:44","slug":"stellenausschreibung","status":"publish","type":"page","link":"http:\/\/www.rdb-freiberg.de\/?page_id=432","title":{"rendered":"Stellenausschreibung"},"content":{"rendered":"\n<p>Sehr geehrtes RDB Mitglied, sehr geehrte interessierte Personen,<\/p>\n\n\n\n<p>in der Montanindustrie sind immer wieder Stellenausschreibungen unter anderem auch f\u00fcr  Praktika und Abschlussarbeiten ausgeschrieben, welche f\u00fcr Auszubildende, Studenten und Absolventen von Interesse sind.<\/p>\n\n\n\n<p>Im folgenden sind offene Stellen ausgeschrieben, f\u00fcr welche man sich bewerben kann.<\/p>\n\n\n\n<p class=\"has-large-font-size\"><strong>Stellen f\u00fcr Studenten:<\/strong><\/p>\n\n\n\n<ul class=\"wp-block-list\">\n<li>Folgen demn\u00e4chst<\/li>\n<\/ul>\n\n\n\n<p><\/p>\n\n\n\n<p class=\"has-large-font-size\"><strong>Stellen f\u00fcr Absolventen:<\/strong><\/p>\n\n\n\n<figure class=\"wp-block-table is-style-stripes\"><table><tbody><tr><td>Stellenausschreibung<\/td><td>Arbeitsbeginn<\/td><td>Ausschreibung<\/td><\/tr><tr><td>An der Fakult\u00e4t f\u00fcr Geowissenschaften, Geotechnik und Bergbau, Institut f\u00fcr Bergbau und Spezialtiefbau sind zum fr\u00fchestm\u00f6glichen Zeitpunkt zwei Stellen<br><strong>wiss. Mitarbeiter:in (m\/w\/d)<br>Ausschreibungskennziffer \u2013 295\/2022<\/strong><\/td><td>Fr\u00fchestm\u00f6glicher Zeitpunkt<\/td><td><a href=\"http:\/\/www.rdb-freiberg.de\/wp-content\/uploads\/2022\/12\/2022-295.fak_.3.pdf\">http:\/\/www.rdb-freiberg.de\/wp-content\/uploads\/2022\/12\/2022-295.fak_.3.pdf<\/a><\/td><\/tr><tr><td>F\u00fcr das Sachgebiet 26 &#8211; Bergamt S\u00fcdbayern, wird ein\/eine <strong>Ingenieur\/in (m\/w\/d) mit Master oder als Dipl.-Ing (Univ.)<br>(m\/w\/d) der Fachrichtungen GeoThermie\/GeoEnergie, Tiefbohrtechnik, Rohstoffversorgung oder Ingenieurgeologie<\/strong> gesucht (A13\/ A14\/ E13 TV-L mit Verbeamtungsm\u00f6glichkeit in der 4. QE, Vollzeit, unbefristet)<\/td><td>vsl. zum 01.05.2023<\/td><td><a href=\"http:\/\/www.rdb-freiberg.de\/wp-content\/uploads\/2023\/03\/Stellenausschreibung-Z2.1-22-08-2023.pdf\">http:\/\/www.rdb-freiberg.de\/wp-content\/uploads\/2023\/03\/Stellenausschreibung-Z2.1-22-08-2023.pdf<\/a><\/td><\/tr><tr><td>F\u00fcr das Sachgebiet 26 &#8211; Bergamt S\u00fcdbayern, wird ein\/eine <strong>Ingenieur\/in (m\/w\/d) mit Bachelor oder als Dipl.-Ing (FH)<br>(m\/w\/d) der Fachrichtungen Geotechnik, Bohrtechnik, Rohstoff- und Energieversorgung oder Umweltingenieurwesen<\/strong> gesucht (A11\/ E11 TV-L mit Verbeamtungsm\u00f6glichkeit in der 3. QE, Vollzeit, unbefristet)<\/td><td>vsl. zum 01.05.2023<\/td><td><a href=\"http:\/\/www.rdb-freiberg.de\/wp-content\/uploads\/2023\/03\/Stellenausschreibung-Z2.1-22-09-2023.pdf\">http:\/\/www.rdb-freiberg.de\/wp-content\/uploads\/2023\/03\/Stellenausschreibung-Z2.1-22-09-2023.pdf<\/a><\/td><\/tr><tr><td>Die\u00a0<strong>Regierung von Oberfranken\u00a0<\/strong>sucht\u00a0<strong>zum n\u00e4chstm\u00f6glichen Zeitpunkt<\/strong>\u00a0f\u00fcr das Bergamt Nordbayern mit Dienstsitz in Bayreuth\u00a0<strong>eine\/n Diplom-Ingenieur\/in Univ. bzw. Master der Fachrichtungen Bergbau\/Bergtechnik, GeoThermie\/GeoEnergie, Tiefbohrtechnik, Rohstoffversorgung, Ingenieurgeologie o.\u00e4. (m\/w\/d)<\/strong><\/td><td>n\u00e4chstm\u00f6glicher Zeitpunkt<\/td><td><a href=\"https:\/\/reg-ofr.stellen.center\/98Q69SEWM\/diplom-ingenieurin-univ-bzw-master-der-fachrichtungen-bergbaubergtechnik-geothermiegeoenergie-tiefbohrtechnik-rohstoffversorgung-ingenieurgeologie-oa-mwd\">https:\/\/reg-ofr.stellen.center\/98Q69SEWM\/diplom-ingenieurin-univ-bzw-master-der-fachrichtungen-bergbaubergtechnik-geothermiegeoenergie-tiefbohrtechnik-rohstoffversorgung-ingenieurgeologie-oa-mwd<\/a><\/td><\/tr><tr><td>Die\u00a0<strong>Regierung von Oberfranken\u00a0<\/strong>sucht\u00a0<strong>zum n\u00e4chstm\u00f6glichen Zeitpunkt<\/strong>\u00a0f\u00fcr das Bergamt Nordbayern mit Dienstsitz in Bayreuth zwei\u00a0<strong>Diplom-Ingenieure\/innen (FH) der Fachrichtung Bergbau bzw. vergleichbare Bachelor of Science (m\/w\/d)<\/strong><\/td><td>n\u00e4chstm\u00f6glicher Zeitpunkt<\/td><td><a href=\"https:\/\/reg-ofr.stellen.center\/PLKLB4RJ7\/diplom-ingenieureinnen-fh-der-fachrichtung-bergbau-bzw-vergleichbare-bachelor-of-science-mwd\">https:\/\/reg-ofr.stellen.center\/PLKLB4RJ7\/diplom-ingenieureinnen-fh-der-fachrichtung-bergbau-bzw-vergleichbare-bachelor-of-science-mwd<\/a><\/td><\/tr><\/tbody><\/table><\/figure>\n\n\n\n<p class=\"has-large-font-size\"><strong>Stellen f\u00fcr Auszubildende:<\/strong><\/p>\n\n\n\n<ul class=\"wp-block-list\">\n<li>Folgen demn\u00e4chst<\/li>\n<\/ul>\n\n\n\n<p><\/p>\n\n\n\n<p>Sind Sie ein Arbeitgeber und wollen Ihre Stelle hier ausgeschrieben sehen? Setzen Sie sich hierzu einfach mit uns in Kontakt.<\/p>\n","protected":false},"excerpt":{"rendered":"<p>Sehr geehrtes RDB Mitglied, sehr geehrte interessierte Personen, in der Montanindustrie sind immer wieder Stellenausschreibungen unter anderem auch f\u00fcr Praktika und Abschlussarbeiten ausgeschrieben, welche f\u00fcr Auszubildende, Studenten und Absolventen von Interesse sind. Im folgenden sind offene Stellen ausgeschrieben, f\u00fcr welche man sich bewerben kann. Stellen f\u00fcr Studenten: Stellen f\u00fcr Absolventen: Stellenausschreibung Arbeitsbeginn Ausschreibung An der &hellip; <\/p>\n<p><a class=\"more-link btn\" href=\"http:\/\/www.rdb-freiberg.de\/?page_id=432\">Weiterlesen<\/a><\/p>\n","protected":false},"author":1,"featured_media":0,"parent":0,"menu_order":0,"comment_status":"closed","ping_status":"closed","template":"","meta":{"footnotes":""},"class_list":["post-432","page","type-page","status-publish","hentry","nodate","item-wrap"],"yoast_head":"<!-- This site is optimized with the Yoast SEO plugin v27.5 - https:\/\/yoast.com\/product\/yoast-seo-wordpress\/ -->\n<title>Stellenausschreibung - RDB e.V. BV Bergakademie Freiberg<\/title>\n<meta name=\"robots\" content=\"index, follow, max-snippet:-1, max-image-preview:large, max-video-preview:-1\" \/>\n<link rel=\"canonical\" href=\"http:\/\/www.rdb-freiberg.de\/?page_id=432\" \/>\n<meta property=\"og:locale\" content=\"de_DE\" \/>\n<meta property=\"og:type\" content=\"article\" \/>\n<meta property=\"og:title\" content=\"Stellenausschreibung - RDB e.V. BV Bergakademie Freiberg\" \/>\n<meta property=\"og:description\" content=\"Sehr geehrtes RDB Mitglied, sehr geehrte interessierte Personen, in der Montanindustrie sind immer wieder Stellenausschreibungen unter anderem auch f\u00fcr Praktika und Abschlussarbeiten ausgeschrieben, welche f\u00fcr Auszubildende, Studenten und Absolventen von Interesse sind. Im folgenden sind offene Stellen ausgeschrieben, f\u00fcr welche man sich bewerben kann. Stellen f\u00fcr Studenten: Stellen f\u00fcr Absolventen: Stellenausschreibung Arbeitsbeginn Ausschreibung An der &hellip; Weiterlesen\" \/>\n<meta property=\"og:url\" content=\"http:\/\/www.rdb-freiberg.de\/?page_id=432\" \/>\n<meta property=\"og:site_name\" content=\"RDB e.V. BV Bergakademie Freiberg\" \/>\n<meta property=\"article:modified_time\" content=\"2023-03-29T18:13:44+00:00\" \/>\n<meta name=\"twitter:card\" content=\"summary_large_image\" \/>\n<meta name=\"twitter:label1\" content=\"Gesch\u00e4tzte Lesezeit\" \/>\n\t<meta name=\"twitter:data1\" content=\"2\u00a0Minuten\" \/>\n<script type=\"application\/ld+json\" class=\"yoast-schema-graph\">{\"@context\":\"https:\\\/\\\/schema.org\",\"@graph\":[{\"@type\":\"WebPage\",\"@id\":\"http:\\\/\\\/www.rdb-freiberg.de\\\/?page_id=432\",\"url\":\"http:\\\/\\\/www.rdb-freiberg.de\\\/?page_id=432\",\"name\":\"Stellenausschreibung - RDB e.V. BV Bergakademie Freiberg\",\"isPartOf\":{\"@id\":\"http:\\\/\\\/www.rdb-freiberg.de\\\/#website\"},\"datePublished\":\"2022-03-19T11:37:18+00:00\",\"dateModified\":\"2023-03-29T18:13:44+00:00\",\"breadcrumb\":{\"@id\":\"http:\\\/\\\/www.rdb-freiberg.de\\\/?page_id=432#breadcrumb\"},\"inLanguage\":\"de\",\"potentialAction\":[{\"@type\":\"ReadAction\",\"target\":[\"http:\\\/\\\/www.rdb-freiberg.de\\\/?page_id=432\"]}]},{\"@type\":\"BreadcrumbList\",\"@id\":\"http:\\\/\\\/www.rdb-freiberg.de\\\/?page_id=432#breadcrumb\",\"itemListElement\":[{\"@type\":\"ListItem\",\"position\":1,\"name\":\"Startseite\",\"item\":\"http:\\\/\\\/www.rdb-freiberg.de\\\/\"},{\"@type\":\"ListItem\",\"position\":2,\"name\":\"Stellenausschreibung\"}]},{\"@type\":\"WebSite\",\"@id\":\"http:\\\/\\\/www.rdb-freiberg.de\\\/#website\",\"url\":\"http:\\\/\\\/www.rdb-freiberg.de\\\/\",\"name\":\"RDB e.V. BV Bergakademie Freiberg\",\"description\":\"Ring Deutscher Bergingenieure TU Bergakademie Freiberg\",\"publisher\":{\"@id\":\"http:\\\/\\\/www.rdb-freiberg.de\\\/#organization\"},\"potentialAction\":[{\"@type\":\"SearchAction\",\"target\":{\"@type\":\"EntryPoint\",\"urlTemplate\":\"http:\\\/\\\/www.rdb-freiberg.de\\\/?s={search_term_string}\"},\"query-input\":{\"@type\":\"PropertyValueSpecification\",\"valueRequired\":true,\"valueName\":\"search_term_string\"}}],\"inLanguage\":\"de\"},{\"@type\":\"Organization\",\"@id\":\"http:\\\/\\\/www.rdb-freiberg.de\\\/#organization\",\"name\":\"Ring Deutscher Bergingenieure Bezirksverein Bergakademie Freiberg\",\"url\":\"http:\\\/\\\/www.rdb-freiberg.de\\\/\",\"logo\":{\"@type\":\"ImageObject\",\"inLanguage\":\"de\",\"@id\":\"http:\\\/\\\/www.rdb-freiberg.de\\\/#\\\/schema\\\/logo\\\/image\\\/\",\"url\":\"http:\\\/\\\/www.rdb-freiberg.de\\\/wp-content\\\/uploads\\\/2017\\\/12\\\/rdb-logo.jpg\",\"contentUrl\":\"http:\\\/\\\/www.rdb-freiberg.de\\\/wp-content\\\/uploads\\\/2017\\\/12\\\/rdb-logo.jpg\",\"width\":150,\"height\":150,\"caption\":\"Ring Deutscher Bergingenieure Bezirksverein Bergakademie Freiberg\"},\"image\":{\"@id\":\"http:\\\/\\\/www.rdb-freiberg.de\\\/#\\\/schema\\\/logo\\\/image\\\/\"},\"sameAs\":[\"https:\\\/\\\/de.wikipedia.org\\\/wiki\\\/Ring_Deutscher_Bergingenieure\"]}]}<\/script>\n<!-- \/ Yoast SEO plugin. -->","yoast_head_json":{"title":"Stellenausschreibung - RDB e.V. BV Bergakademie Freiberg","robots":{"index":"index","follow":"follow","max-snippet":"max-snippet:-1","max-image-preview":"max-image-preview:large","max-video-preview":"max-video-preview:-1"},"canonical":"http:\/\/www.rdb-freiberg.de\/?page_id=432","og_locale":"de_DE","og_type":"article","og_title":"Stellenausschreibung - RDB e.V. BV Bergakademie Freiberg","og_description":"Sehr geehrtes RDB Mitglied, sehr geehrte interessierte Personen, in der Montanindustrie sind immer wieder Stellenausschreibungen unter anderem auch f\u00fcr Praktika und Abschlussarbeiten ausgeschrieben, welche f\u00fcr Auszubildende, Studenten und Absolventen von Interesse sind. Im folgenden sind offene Stellen ausgeschrieben, f\u00fcr welche man sich bewerben kann. Stellen f\u00fcr Studenten: Stellen f\u00fcr Absolventen: Stellenausschreibung Arbeitsbeginn Ausschreibung An der &hellip; Weiterlesen","og_url":"http:\/\/www.rdb-freiberg.de\/?page_id=432","og_site_name":"RDB e.V. BV Bergakademie Freiberg","article_modified_time":"2023-03-29T18:13:44+00:00","twitter_card":"summary_large_image","twitter_misc":{"Gesch\u00e4tzte Lesezeit":"2\u00a0Minuten"},"schema":{"@context":"https:\/\/schema.org","@graph":[{"@type":"WebPage","@id":"http:\/\/www.rdb-freiberg.de\/?page_id=432","url":"http:\/\/www.rdb-freiberg.de\/?page_id=432","name":"Stellenausschreibung - RDB e.V. BV Bergakademie Freiberg","isPartOf":{"@id":"http:\/\/www.rdb-freiberg.de\/#website"},"datePublished":"2022-03-19T11:37:18+00:00","dateModified":"2023-03-29T18:13:44+00:00","breadcrumb":{"@id":"http:\/\/www.rdb-freiberg.de\/?page_id=432#breadcrumb"},"inLanguage":"de","potentialAction":[{"@type":"ReadAction","target":["http:\/\/www.rdb-freiberg.de\/?page_id=432"]}]},{"@type":"BreadcrumbList","@id":"http:\/\/www.rdb-freiberg.de\/?page_id=432#breadcrumb","itemListElement":[{"@type":"ListItem","position":1,"name":"Startseite","item":"http:\/\/www.rdb-freiberg.de\/"},{"@type":"ListItem","position":2,"name":"Stellenausschreibung"}]},{"@type":"WebSite","@id":"http:\/\/www.rdb-freiberg.de\/#website","url":"http:\/\/www.rdb-freiberg.de\/","name":"RDB e.V. BV Bergakademie Freiberg","description":"Ring Deutscher Bergingenieure TU Bergakademie Freiberg","publisher":{"@id":"http:\/\/www.rdb-freiberg.de\/#organization"},"potentialAction":[{"@type":"SearchAction","target":{"@type":"EntryPoint","urlTemplate":"http:\/\/www.rdb-freiberg.de\/?s={search_term_string}"},"query-input":{"@type":"PropertyValueSpecification","valueRequired":true,"valueName":"search_term_string"}}],"inLanguage":"de"},{"@type":"Organization","@id":"http:\/\/www.rdb-freiberg.de\/#organization","name":"Ring Deutscher Bergingenieure Bezirksverein Bergakademie Freiberg","url":"http:\/\/www.rdb-freiberg.de\/","logo":{"@type":"ImageObject","inLanguage":"de","@id":"http:\/\/www.rdb-freiberg.de\/#\/schema\/logo\/image\/","url":"http:\/\/www.rdb-freiberg.de\/wp-content\/uploads\/2017\/12\/rdb-logo.jpg","contentUrl":"http:\/\/www.rdb-freiberg.de\/wp-content\/uploads\/2017\/12\/rdb-logo.jpg","width":150,"height":150,"caption":"Ring Deutscher Bergingenieure Bezirksverein Bergakademie Freiberg"},"image":{"@id":"http:\/\/www.rdb-freiberg.de\/#\/schema\/logo\/image\/"},"sameAs":["https:\/\/de.wikipedia.org\/wiki\/Ring_Deutscher_Bergingenieure"]}]}},"_links":{"self":[{"href":"http:\/\/www.rdb-freiberg.de\/index.php?rest_route=\/wp\/v2\/pages\/432","targetHints":{"allow":["GET"]}}],"collection":[{"href":"http:\/\/www.rdb-freiberg.de\/index.php?rest_route=\/wp\/v2\/pages"}],"about":[{"href":"http:\/\/www.rdb-freiberg.de\/index.php?rest_route=\/wp\/v2\/types\/page"}],"author":[{"embeddable":true,"href":"http:\/\/www.rdb-freiberg.de\/index.php?rest_route=\/wp\/v2\/users\/1"}],"replies":[{"embeddable":true,"href":"http:\/\/www.rdb-freiberg.de\/index.php?rest_route=%2Fwp%2Fv2%2Fcomments&post=432"}],"version-history":[{"count":19,"href":"http:\/\/www.rdb-freiberg.de\/index.php?rest_route=\/wp\/v2\/pages\/432\/revisions"}],"predecessor-version":[{"id":518,"href":"http:\/\/www.rdb-freiberg.de\/index.php?rest_route=\/wp\/v2\/pages\/432\/revisions\/518"}],"wp:attachment":[{"href":"http:\/\/www.rdb-freiberg.de\/index.php?rest_route=%2Fwp%2Fv2%2Fmedia&parent=432"}],"curies":[{"name":"wp","href":"https:\/\/api.w.org\/{rel}","templated":true}]}}